) to base 4.
1
Convert 1 (base 11) to base 15.
1
-4 (base 13) to base 6
-4
What is -b (base 15) in base 6?
-15
Convert -21210 (base 3) to base 16.
-d2
What is 37 (base 14) in base 8?
61
-68 (base 10) to base 4
-1010
What is -7 (base 8) in base 12?
-7
What is 2 (base 16) in base 3?
2
Convert 28 (base 9) to base 3.
222
Convert 11 (base 6) to base 8.
7
What is 18 (base 10) in base 6?
30
26 (base 12) to base 2
11110
Convert 191 (base 15) to base 4.
11221
Convert -7 (base 8) to base 14.
-7
What is 222 (base 3) in base 2?
11010
123 (base 14) to base 2
11100011
Convert 1100 (base 2) to base 16.
c
What is -37 (base 13) in base 15?
-31
Convert -5 (base 7) to base 10.
-5
Convert -8 (base 16) to base 3.
-22
What is -603 (base 7) in base 10?
-297
Convert -4 (base 5) to base 2.
-100
0 (base 10) to base 13
0
What is 25 (base 7) in base 5?
34
Convert -2 (base 11) to base 13.
-2
-110 (base 3) to base 16
-c
What is 4b (base 15) in base 7?
131
1 (base 2) to base 11
1
What is -77 (base 11) in base 2?
-1010100
What is -45 (base 13) in base 12?
-49
What is 1 (base 9) in base 15?
1
4b (base 16) to base 12
63
What is -1 (base 5) in base 12?
-1
Convert -26 (base 7) to base 8.
-24
31 (base 10) to base 9
34
Convert -14 (base 5) to base 8.
-11
-43 (base 8) to base 16
-23
0 (base 11) to base 6
0
-30 (base 5) to base 13
-12
What is 49 (base 10) in base 8?
61
What is 2 (base 16) in base 4?
2
What is 2203 (base 4) in base 6?
431
-235 (base 8) to base 15
-a7
What is 235 (base 10) in base 7?
454
2 (base 9) to base 4
2
2140 (base 5) to base 16
127
Convert -200 (base 4) to base 16.
-20
Convert -18 (base 16) to base 5.
-44
Convert -1002 (base 3) to base 9.
-32
-11 (base 7) to base 8
-10
Convert -132 (base 4) to base 15.
-20
0 (base 8) to base 12
0
-7 (base 12) to base 10
-7
Convert -4 (base 13) to base 2.
-100
11 (base 2) to base 15
3
Convert 2 (base 10) to base 7.
2
What is -4 (base 15) in base 6?
-4
Convert -3 (base 6) to base 3.
-10
What is -5 (base 11) in base 5?
-10
Convert 1240 (base 5) to base 4.
3003
What is 40 (base 7) in base 10?
28
Convert -20 (base 13) to base 2.
-11010
What is -10 (base 2) in base 10?
-2
135 (base 7) to base 8
113
Convert 9b (base 13) to base 16.
80
27 (base 12) to base 4
133
What is -7 (base 14) in base 6?
-11
Convert 6 (base 10) to base 12.
6
-11 (base 6) to base 12
-7
Convert -3 (base 9) to base 16.
-3
Convert 10 (base 6) to base 8.
6
What is 1 (base 5) in base 7?
1
1112 (base 3) to base 6
105
271 (base 8) to base 16
b9
What is -1 (base 7) in base 16?
-1
15 (base 6) to base 9
12
6 (base 7) to base 9
6
Convert 101011 (base 2) to base 15.
2d
1100 (base 2) to base 4
30
1010 (base 2) to base 16
a
Convert -2111 (base 3) to base 6.
-151
Convert 0 (base 6) to base 10.
0
Convert 4 (base 8) to base 7.
4
-1 (base 14) to base 15
-1
What is 111 (base 2) in base 16?
7
Convert 7 (base 8) to base 6.
11
Convert -7 (base 12) to base 6.
-11
-11 (base 3) to base 2
-100
What is -32 (base 4) in base 5?
-24
What is -3 (base 8) in base 10?
-3
What is -10 (base 6) in base 14?
-6
What is 30 (base 11) in base 9?
36
What is 68 (base 9) in base 5?
222
3 (base 4) to base 15
3
-150 (base 10) to base 2
-10010110
Convert 0 (base 10) to base 13.
0
What is -32 (base 11) in base 14?
-27
-3 (base 9) to base 7
-3
What is -58 (base 16) in base 8?
-130
What is 1 (base 9) in base 6?
1
2 (base 16) to base 6
2
Convert -7 (base 14) to base 10.
-7
-2 (base 13) to base 14
-2
What is -1 (base 12) in base 6?
-1
-112 (base 3) to base 10
-14
3 (base 13) to base 10
3
2 (base 16) to base 13
2
3 (base 12) to base 5
3
Convert 22 (base 6) to base 3.
112
0 (base 6) to base 2
0
-97 (base 10) to base 9
-117
280 (base 12) to base 6
1440
Convert -14 (base 7) to base 5.
-21
What is 6c (base 13) in base 7?
156
Convert 3 (base 15) to base 3.
10
Convert -30 (base 4) to base 15.
-c
Convert -4 (base 9) to base 6.
-4
What is -2 (base 3) in base 10?
-2
22 (base 16) to base 14
26
47 (base 9) to base 12
37
What is -96 (base 12) in base 10?
-114
12 (base 9) to base 3
102
What is -22 (base 3) in base 9?
-8
What is 5 (base 7) in base 16?
5
7f (base 16) to base 12
a7
What is -214 (base 5) in base 13?
-47
c8 (base 13) to base 7
323
Convert 1 (base 6) to base 10.
1
What is -11 (base 3) in base 8?
-4
213 (base 6) to base 12
69
What is 115 (base 7) in base 15?
41
26 (base 14) to base 15
24
-20 (base 3) to base 2
-110
What is -38 (base 16) in base 12?
-48
Convert 6 (base 16) to base 10.
6
-5 (base 16) to base 5
-10
-76 (base 11) to base 12
-6b
100110 (base 2) to base 5
123
17 (base 14) to base 9
23
What is -21201 (base 3) in base 8?
-320
What is 0 (base 3) in base 10?
0
What is -1010 (base 2) in base 13?
-a
What is 7 (base 14) in base 7?
10
Convert 333 (base 7) to base 15.
b6
Convert -f (base 16) to base 7.
-21
Convert 132 (base 8) to base 2.
1011010
1 (base 5) to base 2
1
What is -6 (base 13) in base 2?
-110
Convert 2 (base 12) to base 4.
2
What is f (base 16) in base 13?
12
Convert -135 (base 7) to base 15.
-50
-3 (base 13) to base 14
-3
What is 101220 (base 3) in base 16?
126
Convert 10 (base 3) to base 7.
3
Convert 151 (base 8) to base 11.
96
Convert -54 (base 11) to base 2.
-111011
1 (base 16) to base 11
1
What is -15 (base 10) in base 12?
-13
Convert 24 (base 10) to base 2.
11000
What is 110 (base 2) in base 13?
6
Convert -11 (base 5) to base 2.
-110
What is 3 (base 14) in base 5?
3
Convert 21 (base 9) to base 13.
16
-1 (base 5) to base 9
-1
8 (base 10) to base 6
12
1 (base 2) to base 7
1
Convert -2 (base 5) to base 6.
-2
What is -145 (base 9) in base 13?
-95
Convert 72 (base 14) to base 3.
10201
What is 0 (base 2) in base 6?
0
What is 4 (base 13) in base 3?
11
Convert -6 (base 13) to base 11.
-6
Convert 21 (base 5) to base 12.
b
-1 (base 10) to base 15
-1
-3 (base 16) to base 10
-3
What is -1 (base 6) in base 3?
-1
-6 (base 9) to base 8
-6
What is 11 (base 6) in base 15?
7
What is -3 (base 8) in base 10?
-3
Convert -202 (base 5) to base 4.
-310
What is 3 (base 9) in base 7?
3
What is -1 (base 7) in base 2?
-1
What is 32 (base 13) in base 8?
51
What is 0 (base 7) in base 14?
0
164 (base 11) to base 7
362
3 (base 14) to base 15
3
Convert 12 (base 12) to base 16.
e
Convert 20 (base 13) to base 6.
42
3 (base 8) to base 7
3
Convert 4 (base 11) to base 16.
4
What is 0 (base 16) in base 15?
0
-160 (base 13) to base 15
-117
Convert -1121 (base 3) to base 9.
-47
56 (base 8) to base 3
1201
Convert -11 (base 10) to base 8.
-13
What is -124 (base 5) in base 2?
-100111
-1 (base 11) to base 3
-1
1111010 (base 2) to base 8
172
What is b (base 16) in base 12?
b
What is 0 (base 3) in base 9?
0
What is -aa (base 12) in base 6?
-334
-25 (base 9) to base 13
-1a
25 (base 12) to base 4
131
What is -1 (base 11) in base 3?
-1
Convert -3 (base 13) to base 11.
-3
Convert 1011 (base 2) to base 12.
b
What is 10 (base 4) in base 9?
4
Convert 53 (base 10) to base 4.
311
Convert 220 (base 3) to base 9.
26
9 (base 13) to base 9
10
Convert -1100 (base 5) to base 8.
-226
-a (base 14) to base 10
-10
What is -4 (base 7) in base 2?
-100
22 (base 4) to base 15
a
-3 (base 13) to base 2
-11
Convert 8 (base 11) to base 8.
10
-3 (base 14) to base 5
-3
What is 7 (base 13) in base 16?
7
5 (base 12) to base 9
5
Convert 33 (base 7) to base 6.
40
What is 7 (base 9) in base 6?
11
What is -4 (base 14) in base 10?
-4
What is 3 (base 8) in base 4?
3
-32 (base 8) to base 16
-1a
-4 (base 13) to base 3
-11
Convert -12 (base 3) to base 13.
-5
Convert -63 (base 7) to base 6.
-113
1 (base 5) to base 7
1
2 (base 11) to base 4
2
Convert 3 (base 12) to base 4.
3
Convert -233 (base 9) to base 15.
-cc
Convert 203 (base 5) to base 2.
110101
What is -9a (base 13) in base 10?
-127
Convert -1000000 (base 2) to base 7.
-121
What is 0 (base 10) in base 11?
0
5 (base 6) to base 11
5
What is 1100 (base 2) in base 16?
c
1001 (base 2) to base 6
13
Convert 10001 (base 3) to base 6.
214
1 (base 2) to base 9
1
What is -1303 (base 4) in base 5?
-430
Convert -57 (base 15) to base 5.
-312
Convert 251 (base 9) to base 2.
11010000
Convert 101 (base 3) to base 5.
20
What is 2 (base 14) in base 15?
2
11 (base 11) to base 8
14
Convert 22 (base 8) to base 14.
14
-102 (base 4) to base 9
-20
What is -11 (base 10) in base 14?
-b
Convert -2 (base 13) to base 11.
-2
What is 3 (base 9) in base 15?
3